
{"id":426,"date":"2025-08-02T07:48:57","date_gmt":"2025-08-02T07:48:57","guid":{"rendered":"https:\/\/pl.getlook.eu\/?page_id=426"},"modified":"2025-11-08T14:45:56","modified_gmt":"2025-11-08T14:45:56","slug":"promocje","status":"publish","type":"page","link":"https:\/\/okazjetygodnia.pl\/moda\/promocje\/","title":{"rendered":"Promocje i okazje cenowe"},"content":{"rendered":"\n\n\n\n<p class=\"wp-block-paragraph\"><strong>Promocje i wyprzeda\u017ce<\/strong>, nie tylko na <strong>Black Weeks<\/strong>. Zobacz <strong>najlepsze okazje<\/strong>, najwi\u0119ksze obni\u017cki, najwy\u017csze rabaty i niesamowite spadki cen w najpopularniejszych sklepach oferuj\u0105cych <strong>odzie\u017c damsk\u0105<\/strong>, <strong>odzie\u017c m\u0119sk\u0105<\/strong>, <strong>odzie\u017c dzieci\u0119c\u0105<\/strong>, <strong>bielizn\u0119 damsk\u0105<\/strong>, <strong>bielizn\u0119 m\u0119sk\u0105<\/strong>, <strong>bielizn\u0119 dzieci\u0119c\u0105<\/strong>, <strong>buty<\/strong> i <strong>bi\u017cuteri\u0119<\/strong>. Sprawd\u017a ceny interesuj\u0105cych Ci\u0119 produkt\u00f3w i wybierz t\u0119 ofert\u0119, kt\u00f3ra jest dla Ciebie najkorzystniejsza. Kupuj m\u0105dzrze to, co najbardziej si\u0119 op\u0142aca.<\/p>\n\n\n\n<p class=\"wp-block-paragraph\">W naszych postach staramy si\u0119 wybra\u0107 najciekawsze promocje z r\u00f3\u017cnorodnych kategorii, kt\u00f3re danego dnia zmieni\u0142y cen\u0119 na ni\u017csz\u0105. Nie zawsze to si\u0119 da, s\u0105 dni, \u017ce kilka tysi\u0119cy produkt\u00f3w zmieni cen\u0119 i trudno jest to opisa\u0107 \ud83d\ude42 Dlatego te\u017c zach\u0119camy do odkrywania naszych stron. <\/p>\n\n\n\n<h2 class=\"wp-block-heading\">Nowo\u015b\u0107! Zobacz zmiany ceny<\/h2>\n\n\n\n<p class=\"wp-block-paragraph\">A teraz nowo\u015b\u0107 w naszych postach. Poza prezentacja samych produkt\u00f3w otrzymujesz r\u00f3wnie\u017c <strong>wykresy zmiany cen<\/strong> (podobnie jak na wszystkich kartach produktowych),  aby\u015b mog\u0142a\/m\u00f3g\u0142 oceni\u0107 jako\u015b\u0107 promocji. <\/p>\n\n\n\n<p class=\"wp-block-paragraph\">Pami\u0119taj, \u017ce ka\u017cdy produkt u nas ma zmian\u0119 ceny prezentowan\u0105 na wykresie na tzw. karcie produktu.<\/p>\n\n\n\n<p class=\"wp-block-paragraph\">Aby by\u0107 na bie\u017c\u0105co mo\u017cesz zasubskrybowa\u0107 nasz kana\u0142 RSS: <a href=\"https:\/\/pl.getlook.eu\/rss\/\">promocje modowe kana\u0142 Getlook<\/a>, a ju\u017c wkr\u00f3tce tak\u017ce nowe kana\u0142y w nowych mediach. Wi\u0119cej informacji niebawem.<\/p>\n","protected":false},"excerpt":{"rendered":"<p>Promocje i wyprzeda\u017ce, nie tylko na Black Weeks. Zobacz najlepsze okazje, najwi\u0119ksze obni\u017cki, najwy\u017csze rabaty i niesamowite spadki cen w najpopularniejszych sklepach oferuj\u0105cych odzie\u017c damsk\u0105, odzie\u017c m\u0119sk\u0105, odzie\u017c dzieci\u0119c\u0105, bielizn\u0119 damsk\u0105, bielizn\u0119 m\u0119sk\u0105, bielizn\u0119 dzieci\u0119c\u0105, buty i bi\u017cuteri\u0119. Sprawd\u017a ceny interesuj\u0105cych Ci\u0119 produkt\u00f3w i wybierz t\u0119 ofert\u0119, kt\u00f3ra jest dla Ciebie najkorzystniejsza. Kupuj m\u0105dzrze to,&hellip; <a class=\"more-link\" href=\"https:\/\/okazjetygodnia.pl\/moda\/promocje\/\">Continue reading <span class=\"screen-reader-text\">Promocje i okazje cenowe<\/span><\/a><\/p>\n","protected":false},"author":1,"featured_media":0,"parent":0,"menu_order":0,"comment_status":"closed","ping_status":"closed","template":"","meta":{"footnotes":""},"class_list":["post-426","page","type-page","status-publish","hentry","entry"],"_links":{"self":[{"href":"https:\/\/okazjetygodnia.pl\/moda\/wp-json\/wp\/v2\/pages\/426","targetHints":{"allow":["GET"]}}],"collection":[{"href":"https:\/\/okazjetygodnia.pl\/moda\/wp-json\/wp\/v2\/pages"}],"about":[{"href":"https:\/\/okazjetygodnia.pl\/moda\/wp-json\/wp\/v2\/types\/page"}],"author":[{"embeddable":true,"href":"https:\/\/okazjetygodnia.pl\/moda\/wp-json\/wp\/v2\/users\/1"}],"replies":[{"embeddable":true,"href":"https:\/\/okazjetygodnia.pl\/moda\/wp-json\/wp\/v2\/comments?post=426"}],"version-history":[{"count":6,"href":"https:\/\/okazjetygodnia.pl\/moda\/wp-json\/wp\/v2\/pages\/426\/revisions"}],"predecessor-version":[{"id":794,"href":"https:\/\/okazjetygodnia.pl\/moda\/wp-json\/wp\/v2\/pages\/426\/revisions\/794"}],"wp:attachment":[{"href":"https:\/\/okazjetygodnia.pl\/moda\/wp-json\/wp\/v2\/media?parent=426"}],"curies":[{"name":"wp","href":"https:\/\/api.w.org\/{rel}","templated":true}]}}

<p class="wp-block-paragraph"><strong>Promocje i wyprzedaże</strong>, nie tylko na <strong>Black Weeks</strong>. Zobacz <strong>najlepsze okazje</strong>, największe obniżki, najwyższe rabaty i niesamowite spadki cen w najpopularniejszych sklepach oferujących <strong>odzież damską</strong>, <strong>odzież męską</strong>, <strong>odzież dziecięcą</strong>, <strong>bieliznę damską</strong>, <strong>bieliznę męską</strong>, <strong>bieliznę dziecięcą</strong>, <strong>buty</strong> i <strong>biżuterię</strong>. Sprawdź ceny interesujących Cię produktów i wybierz tę ofertę, która jest dla Ciebie najkorzystniejsza. Kupuj mądzrze to, co najbardziej się opłaca.</p>



<p class="wp-block-paragraph">W naszych postach staramy się wybrać najciekawsze promocje z różnorodnych kategorii, które danego dnia zmieniły cenę na niższą. Nie zawsze to się da, są dni, że kilka tysięcy produktów zmieni cenę i trudno jest to opisać 🙂 Dlatego też zachęcamy do odkrywania naszych stron. </p>



<h2 class="wp-block-heading">Nowość! Zobacz zmiany ceny</h2>



<p class="wp-block-paragraph">A teraz nowość w naszych postach. Poza prezentacja samych produktów otrzymujesz również <strong>wykresy zmiany cen</strong> (podobnie jak na wszystkich kartach produktowych),  abyś mogła/mógł ocenić jakość promocji. </p>



<p class="wp-block-paragraph">Pamiętaj, że każdy produkt u nas ma zmianę ceny prezentowaną na wykresie na tzw. karcie produktu.</p>



<p class="wp-block-paragraph">Aby być na bieżąco możesz zasubskrybować nasz kanał RSS: <a href="https://pl.getlook.eu/rss/">promocje modowe kanał Getlook</a>, a już wkrótce także nowe kanały w nowych mediach. Więcej informacji niebawem.</p>

<p>Promocje i wyprzedaże, nie tylko na Black Weeks. Zobacz najlepsze okazje, największe obniżki, najwyższe rabaty i niesamowite spadki cen w najpopularniejszych sklepach oferujących odzież damską, odzież męską, odzież dziecięcą, bieliznę damską, bieliznę męską, bieliznę dziecięcą, buty i biżuterię. Sprawdź ceny interesujących Cię produktów i wybierz tę ofertę, która jest dla Ciebie najkorzystniejsza. Kupuj mądzrze to,&hellip; <a class="more-link" href="https://okazjetygodnia.pl/moda/promocje/">Continue reading <span class="screen-reader-text">Promocje i okazje cenowe</span></a></p>
